 9. Give m(7).
-44
Let b(v) = v**3 - 9*v**2 + 7*v - 2. Determine b(9).
61
Let r(w) = -w**3 + 10*w**2 + 2*w - 2. Determine r(10).
18
Let j(k) = 6*k**3 - 2*k**2 - 2*k - 1. What is j(-2)?
-53
Let h(o) = -3*o**3 - 5*o**2 + 6*o + 3. Give h(-3).
21
Let v(u) = -u**3 - 3*u**2 + u + 2. What is v(-4)?
14
Let v(k) = -k**3 + 11*k**2 + 14*k - 12. Give v(12).
12
Let h(p) = p**2 + 17*p + 19. Give h(-9).
-53
Let i(x) = 2*x + 40. Give i(-24).
-8
Let v(t) = t**2 + 3*t - 17. Give v(7).
53
Let z(y) = 13*y**2 - 4*y - 3. Determine z(-2).
57
Let x(r) = r**3 - 7*r**2 - 4*r + 9. What is x(7)?
-19
Let t(d) = -4*d + 2. Determine t(1).
-2
Let y(n) = -n**3 - 18*n**2 - 4*n - 2. What is y(-18)?
70
Let g(r) = -12*r - 202. What is g(-18)?
14
Let u(r) = r**3 - 7*r**2 - 5*r + 10. Determine u(8).
34
Let t(y) = -20*y + 847. Give t(42).
7
Let v(i) = 6*i - 5. Give v(2).
7
Let z(x) = -x**3 - 5*x**2 + 4*x - 5. Determine z(-6).
7
Let z(m) = -7*m + 289. Calculate z(42).
-5
Let y(r) = -2*r**3 - 6*r**2. Determine y(-3).
0
Let h(k) = -k**3 + 4*k**2 - k + 11. Determine h(4).
7
Let g(l) = -l**3 - 17*l**2 - 27*l + 35. Determine g(-15).
-10
Let y(i) = 11*i + 3. Calculate y(3).
36
Let v(u) = -u + 8. What is v(19)?
-11
Let u(x) = 4*x**3 - 2*x + 1. Determine u(2).
29
Let z(b) = b - 8. Give z(-8).
-16
Let r(f) = -3*f**3 + 5*f**2 + 3*f + 3. Give r(3).
-24
Let g(s) = 16*s - 86. Give g(7).
26
Let w(f) = 11*f - 53. What is w(5)?
2
Let k(b) = b**2 - 6. What is k(3)?
3
Let f(k) = 2*k + 8. What is f(-5)?
-2
Let i(y) = y**3 - 7*y**2 + 14*y - 16. Determine i(5).
4
Let d(a) = -12*a + 50. Determine d(5).
-10
Let m(b) = 8*b + 19. Give m(-5).
-21
Let d(s) = s**2 + 12*s + 13. What is d(-9)?
-14
Let p(n) = -2*n + 51. What is p(16)?
19
Let j(u) = -3*u**2 + 31*u + 15. Give j(11).
-7
Let z(h) = -5*h**2 - h - 1. Calculate z(-1).
-5
Let k(v) = v**3 + 7*v**2 + 3*v - 1. What is k(-6)?
17
Let o(g) = g**2 - 8*g + 15. Determine o(6).
3
Let q(v) = v**3 - 7*v**2 + 5*v - 5. Determine q(7).
30
Let b(d) = d + 1. Determine b(3).
4
Let h(f) = -f**3 - 6*f**2 - 2*f - 12. What is h(-5)?
-27
Let l(i) = -i**3 - i**2 - 3. What is l(0)?
-3
Let u(p) = -p**2 - 9*p - 13. Determine u(-7).
1
Let h(t) = -11*t + 19. Determine h(2).
-3
Let z(g) = -2*g**3 - 9*g**2 + g - 16. Give z(-5).
4
Let m(v) = -v**2 - 6*v + 64. Give m(-11).
9
Let s(q) = -q**2 + 6*q + 35. What is s(8)?
19
Let f(j) = j**2 - 2*j - 2. Give f(-1).
1
Let c(t) = -4*t + 64. Determine c(14).
8
Let f(b) = -b**2 + b + 20. Determine f(-5).
-10
Let l(z) = -z**3 + 14*z**2 - 13*z - 8. Determine l(13).
-8
Let r(d) = 23*d - 265. What is r(13)?
34
Let z(m) = -m**2 + 2*m - 5. What is z(7)?
-40
Let x(k) = k**3 + 2*k**2 + 23*k + 80. Determine x(-3).
2
Let x(d) = d**3 - 25*d**2 - 25*d - 32. What is x(26)?
-6
Let m(h) = 16*h + 54. Calculate m(-3).
6
Let n(i) = 2*i + 38. What is n(-20)?
-2
Let x(q) = 2*q**2 - 16*q + 49. What is x(3)?
19
Let z(n) = -33*n - 1. Give z(-1).
32
Let d(r) = -4*r**2 + 4*r - 18. Give d(0).
-18
Let k(w) = w**3 - 7*w**2 + 5*w + 9. Determine k(6).
3
Let r(d) = -5*d + 373. Calculate r(73).
8
Let b(c) = -c**3 + 2*c - 23. Determine b(0).
-23
Let a(r) = -30*r - 1. Give a(-1).
29
Let b(o) = 8*o - 9. Determine b(6).
39
Let i(x) = x**3 + 12*x**2 - 36*x + 22. Calculate i(-15).
-113
Let t(f) = -2*f + 18. What is t(16)?
-14
Let k(q) = -11*q**3 + 2*q**2 - 1. Calculate k(-1).
12
Let w(a) = -a**3 + 14*a**2 + a - 1. What is w(14)?
13
Let a(n) = 2*n**2 + 54*n + 39. Determine a(-26).
-13
Let a(d) = d**3 + d**2 - 2*d + 5. What is a(-3)?
-7
Let g(b) = -b**2 + 7*b + 9. Give g(8).
1
Let z(m) = -m**3 - 3*m**2 + 19*m + 49. What is z(-5)?
4
Let b(y) = -y**3 - 8*y**2 + 4*y + 15. Determine b(-8).
-17
Let b(v) = -v**3 + 10*v - 3. Calculate b(3).
0
Let z(i) = 3*i**2 - 5*i - 3. Calculate z(3).
9
Let f(d) = 6*d - 7. Give f(3).
11
Let q(t) = -t**2 - 2*t + 3. Calculate q(2).
-5
Let d(q) = q**2 + q - 147. Calculate d(-12).
-15
Let x(y) = -y**2 + 11*y + 10. Determine x(12).
-2
Let r(v) = v**3 - 6*v**2 - 2*v + 8. Give r(7).
43
Let q(u) = u**2 + u + 2. Calculate q(-3).
8
Let n(b) = -2*b - 27. Give n(-12).
-3
Let x(z) = 13*z. Determine x(-17).
-221
Let h(y) = 5*y. Determine h(-7).
-35
Let r(k) = 22*k**2 + 1. Calculate r(-1).
23
Let n(b) = -12*b + 114. Determine n(9).
6
Let f(u) = -16*u**3 - u**2 + 1. Determine f(1).
-16
Let l(u) = -u**3 - 63*u**2 - 68*u - 379. Calculate l(-62).
-7
Let u(r) = r**2 - r + 4. What is u(0)?
4
Let t(y) = -22*y**3 + 2*y**2 + y + 1. What is t(2)?
-165
Let x(v) = -v + 13. What is x(-5)?
18
Let q(r) = 22*r - 176. What is q(8)?
0
Let x(w) = -w**3 - 4*w**2 + 11. Determine x(-3).
2
Let p(b) = -14*b - 187. Give p(-12).
-19
Let k(a) = -a**2 + 3*a + 52. What is k(7)?
24
Let p(t) = t**3 - 15*t**2 + 16*t - 31. Determine p(14).
-3
Let d(g) = -5*g + 2. Calculate d(-5).
27
Let j(x) = 5*x + 11. Calculate j(4).
31
Let m(f) = 2*f**3 - 7*f**2 + 4*f - 12. Determine m(5).
83
Let z(m) = -m**3 + 13*m**2 + 3*m - 27. What is z(13)?
12
Let v(o) = o**2 - 4*o + 6. Calculate v(4).
6
Let m(o) = -4*o**2 - 5*o - 1. What is m(0)?
-1
Let h(f) = f + 4. Give h(-4).
0
Let b(v) = v**3 + 13*v**2 - 12*v + 10. What is b(-14)?
-18
Let t(q) = -14*q + 2. Calculate t(1).
-12
Let b(v) = v**3 - 3*v**2 - 3*v - 3. Calculate b(3).
-12
Let q(p) = 3*p**2 + 112*p - 357. Determine q(3).
6
Let i(s) = 4*s - 27. Determine i(6).
-3
Let o(f) = f**3 + 5*f**2 - 6*f - 8. Determine o(-6).
-8
Let t(w) = 10*w + 30. Determine t(-3).
0
Let w(g) = -g**2 + 2*g + 4. Give w(7).
-31
Let x(r) = r**3 + 4*r**2 - 11*r + 5. Give x(-6).
-1
Let m(i) = -i**3 + 15*i**2 - 6*i - 10. What is m(14)?
102
Let w(v) = -2*v**2 - 17*v + 11. Determine w(-8).
19
Let n(b) = -5*b + 40. What is n(10)?
-10
Let z(u) = -u**2 + 17*u + 20. What is z(18)?
2
Let t(v) = 5*v**2 - 156*v + 32. Calculate t(31).
1
Let v(u) = -5*u**2 - 3*u + 7. What is v(-4)?
-61
Let o(p) = -2*p**2 - 3*p + 25. What is o(-8)?
-79
Let t(o) = -4*o + 3. Calculate t(1).
-1
Let f(n) = -n**3 - n**2 + n - 10. What is f(0)?
-10
Let t(y) = 7*y**2 + 1. Determine t(2).
29
Let c(g) = -g**2 - 13*g - 34. Calculate c(-5).
6
Let m(u) = u**2 + 8*u + 24. Calculate m(-6).
12
Let k(h) = -h**3 - 9*h**2 + 11*h + 17. What is k(-10)?
7
Let o(w) = -w**2 - 17*w - 24. What is o(-16)?
-8
Let p(f) = -f**3 + 13*f**2 + 2*f - 24. Determine p(13).
2
Let h(j) = 5*j - 8. What is h(2)?
2
Let d(m) = -5*m + 23. Give d(10).
-27
Let x(c) = -c**2 - 29*c - 30. Give x(-22).
124
Let r(j) = j**3 - 4*j**2 - 2*j - 7. Calculate r(4).
-15
Let c(z) = z**3 + 10*z**2 + 9*z + 7. What is c(-9)?
7
Let o(g) = 7*g. Give o(2).
14
Let y(t) = -t**2 - 20*t - 46. Determine y(-17).
5
Let n(h) = -4*h**2 + 4*h - 3. Give n(-4).
-83
Let d(x) = x**2 + 5*x - 4. What is d(-3)?
-10
Let p(i) = 2*i + 7. What is p(-16)?
-25
Let u(f) = f - 9. Give u(5).
-4
Let g(b) = b + 15. What is g(-5)?
10
Let a(m) = -2*m**3 - m**2 + 2*m - 1. Calculate a(3).
-58
Let y(r) = 6*r + 71. Determine y(-13).
-7
Let c(n) = 26*n**3 + n**2 + n - 3. Give c(1).
25
Let p(a) = -147*a + 290. What is p(2)?
-4
Let c(x) = -x**2 + 60*x - 496. Determine c(50).
4
Let t(s) = s**2 + 7*s - 12. Calculate t(-9).
6
Let f(o) = o**2 - 6*o. Give f(6).
0
Let x(k) = 4*k**2 + 9*k - 10. Determine x(4).
90
Let k(d) = -10*d + 4. What is k(3)?
-26
Let z(p) = 3*p - 5. Give z(4).
7
Let j(a) = a**2 - 17*a + 6. What is j(16)?
-10
Let a(f) = -13*f + 93. Calculate a(8).
-11
Let y(m) = -9*m + 1. Calculate y(1).
-8
Let u(h) = 9*h**3 + h**2 - 3*h - 5. Calculate u(-2).
-67
Let i(b) = 4*b**2 + 6*b. Give i(-3).
18
Let t(m) = 2*m - 8. Calculate t(9).
10
Let d(a) = a**2 - 11*a + 36. Give d(11).
36
Let y(f) = -3*f - 47. What is y(-16)?
1
Let a(g) = -g - 4. Calculate a(5).
-9
Let k(d) = -d + 12. Calculate k(28).
-16
Let x(p) = -2*p**3 - 2*p**2 + p. Give x(-2).
6
Let x(i) = 8*i**2 + 11*i + 8. What is x(-4)?
92
Let c(j) = 9*j**2 + 52*j - 3. What is c(-6)?
9
Let r(v) = -4*v + 14. Calculate r(3).
2
Let g(v) = v**3 - 18*v**2 + 3*v - 56. Calculate g(18).
-2
Let b(h) = -h**3 + 14*h**2 - h + 5. Determine b(14).
-9
Let t(p) = -3*p**2 - 22*p + 78. Give t(-10).
-2
Let k(l) = 7*l**3 - 4*l**2 - 6*l - 2. What is k(-1)?
-7
Let i(d) = -d**3 + 5*d**2 + d - 1. What is i(5)?
4
Let o(b) = b**2 - 14*b - 10. Give o(14).
-10
Let h(t) = -t**2 + 17*t + 23. What is h(17)?
23
Let p(t) = -6*t**2 - 275*t + 58. Calculate p(-46).
12
Let i(u) = -u**3 - 13*u**2 - u - 6. Give